?
True
Is 739 prime?
True
Is 314473 prime?
False
Is 534991 prime?
False
Is 26423 composite?
False
Is 4329539 a prime number?
True
Is 173891 composite?
False
Is 192571 a composite number?
False
Is 154643 a composite number?
False
Is 586 a composite number?
True
Is 337803 a composite number?
True
Is 1711 prime?
False
Is 6847 composite?
True
Is 702067 prime?
True
Is 2833 a composite number?
False
Is 9293 a composite number?
False
Is 170447 a composite number?
False
Is 564747 a prime number?
False
Is 9167 prime?
False
Is 2139857 a prime number?
True
Is 2498 a prime number?
False
Is 11423 a prime number?
True
Is 109273 a composite number?
True
Is 143593 a composite number?
False
Is 4699 a composite number?
True
Is 11197 prime?
True
Is 922861 prime?
True
Is 15891 a prime number?
False
Is 9091 composite?
False
Is 9827 prime?
False
Is 87157 prime?
False
Is 6779 composite?
False
Is 12311 a composite number?
True
Is 357497 a prime number?
False
Is 8885 prime?
False
Is 30547 a composite number?
True
Is 692767 a prime number?
False
Is 514 prime?
False
Is 45761 composite?
True
Is 31303 composite?
True
Is 2271 prime?
False
Is 88489 a prime number?
False
Is 1448806 a prime number?
False
Is 7789 a prime number?
True
Is 1313105 a composite number?
True
Is 7691 a prime number?
True
Is 2818 a composite number?
True
Is 80651 composite?
False
Is 3137 a prime number?
True
Is 144023 prime?
False
Is 8147 composite?
False
Is 1603 a composite number?
True
Is 346783 a prime number?
False
Is 785 composite?
True
Is 1381 prime?
True
Is 7307 composite?
False
Is 4198 prime?
False
Is 6589 a composite number?
True
Is 7769 a prime number?
False
Is 33217 prime?
False
Is 113327 prime?
True
Is 77739 composite?
True
Is 1139 a prime number?
False
Is 35461 prime?
True
Is 173319 prime?
False
Is 198277 composite?
False
Is 3551 a composite number?
True
Is 3761 prime?
True
Is 2113691 a composite number?
True
Is 438721 prime?
True
Is 84679 a prime number?
False
Is 209753 composite?
True
Is 1779 prime?
False
Is 280121 a prime number?
True
Is 2017 prime?
True
Is 150659 prime?
True
Is 51703 a prime number?
False
Is 193327 prime?
True
Is 157 prime?
True
Is 233549 prime?
True
Is 16493 prime?
True
Is 12011 prime?
True
Is 1517627 a composite number?
False
Is 1847 composite?
False
Is 57517 prime?
False
Is 232003 a prime number?
True
Is 70715 a prime number?
False
Is 2281 a composite number?
False
Is 11878 composite?
True
Is 208849 a composite number?
True
Is 293 prime?
True
Is 1847 prime?
True
Is 5207 composite?
True
Is 793029 composite?
True
Is 3566 prime?
False
Is 34499 a composite number?
False
Is 115991 a prime number?
False
Is 2704255 a composite number?
True
Is 27637 composite?
True
Is 164311 composite?
True
Is 62191 prime?
True
Is 7807 prime?
False
Is 9871 composite?
False
Is 931843 composite?
True
Is 623 prime?
False
Is 62063 prime?
False
Is 501187 prime?
True
Is 2317 composite?
True
Is 849 a composite number?
True
Is 2897 composite?
False
Is 422011 a composite number?
True
Is 2521 a composite number?
False
Is 130337 composite?
False
Is 146891 a composite number?
False
Is 16243 a prime number?
False
Is 180569 a prime number?
True
Is 18871 composite?
True
Is 583 composite?
True
Is 1009 composite?
False
Is 28555 a composite number?
True
Is 611 a composite number?
True
Is 111799 a prime number?
True
Is 56747 a prime number?
True
Is 726331 a composite number?
False
Is 20053 prime?
False
Is 271555 a composite number?
True
Is 433047 a prime number?
False
Is 247579 composite?
False
Is 40009 composite?
False
Is 2971 composite?
False
Is 281433 a composite number?
True
Is 52009 a prime number?
True
Is 2579 a prime number?
True
Is 56495 prime?
False
Is 30713 a prime number?
True
Is 1114 a composite number?
True
Is 229193 a prime number?
False
Is 109717 composite?
False
Is 830611 a composite number?
True
Is 307301 a composite number?
False
Is 144083 prime?
False
Is 44351 a composite number?
False
Is 10371 a composite number?
True
Is 1179499 prime?
True
Is 74411 prime?
True
Is 302069 a composite number?
True
Is 15681 composite?
True
Is 118497 a prime number?
False
Is 7789 a prime number?
True
Is 50017 a prime number?
False
Is 471197 a composite number?
True
Is 17047 a composite number?
False
Is 24935 a prime number?
False
Is 14026 prime?
False
Is 1709 composite?
False
Is 357967 a composite number?
False
Is 1016041 a composite number?
True
Is 7427 a composite number?
True
Is 10427 a composite number?
False
Is 25111 composite?
False
Is 14639 a composite number?
False
Is 30727 a prime number?
True
Is 931193 composite?
False
Is 76863 composite?
True
Is 11371 prime?
False
Is 932771 a composite number?
True
Is 5627 composite?
True
Is 2190503 composite?
True
Is 82913 a prime number?
True
Is 402691 composite?
False
Is 1366 prime?
False
Is 92623 composite?
False
Is 3491 prime?
True
Is 58529 a prime number?
False
Is 34877 a composite number?
False
Is 50849 composite?
False
Is 54037 composite?
False
Is 14023 a prime number?
False
Is 190051 composite?
False
Is 7217 a prime number?
False
Is 349637 composite?
False
Is 7057 prime?
True
Is 70753 a composite number?
False
Is 23809 prime?
False
Is 61639 a prime number?
False
Is 379027 a composite number?
True
Is 479 a composite number?
False
Is 8779 a composite number?
False
Is 18553 prime?
True
Is 240971 composite?
True
Is 15061 prime?
True
Is 2263145 a composite number?
True
Is 46571 composite?
True
Is 60035 composite?
True
Is 21029 a prime number?
False
Is 13513 a prime number?
True
Is 401 prime?
True
Is 256279 composite?
False
Is 226999 prime?
False
Is 155 a composite number?
True
Is 44845 a prime number?
False
Is 13901 a composite number?
False
Is 109577 prime?
False
Is 30698 a composite number?
True
Is 902563 composite?
False
Is 941299 a composite number?
False
Is 247901 a prime number?
True
Is 27787 prime?
False
Is 81439 prime?
True
Is 17665 a prime number?
False
Is 2759179 a prime number?
False
Is 184043 composite?
False
Is 21341 prime?
True
Is 4327 a prime number?
True
Is 9511 prime?
True
Is 3581 composite?
False
Is 4421 prime?
True
Is 57467 composite?
False
Is 1357103 prime?
False
Is 3005 composite?
True
Is 35671 composite?
False
Is 13049 composite?
False
Is 487381 a prime number?
True
Is 10639 prime?
True
Is 611605 prime?
False
Is 24593 composite?
False
Is 573719 a composite number?
False
Is 1210867 composite?
True
Is 25867 a composite number?
False
Is 113 composite?
False
Is 304937 prime?
True
Is 45649 a prime number?
False
Is 9253 prime?
False
Is 52627 prime?
True
Is 5147 prime?
True
Is 5323 a composite number?
False
Is 7342 prime?
False
Is 1437 a prime number?
False
Is 4198 composite?
True
Is 623 composite?
True
Is 48857 a composite number?
False
Is 263257 composite?
False
Is 313471 a composite number?
False
Is 614333 prime?
True
Is 44277 a composite number?
True
Is 5755 a prime number?
False
Is 5911 composite?
True
Is 93281 prime?
True
Is 3683 prime?
False
Is 574031 a composite number?
False
Is 764131 a prime number?
True
Is 78941 a composite number?
False
Is 51279 a composite number?
True
Is 650227 a prime number?
True
Is 25267 composite?
True
Is 300871 prime?
False
Is 9011 a prime number?
True
Is 4829 prime?
False
Is 14923 composite?
False
Is 65159 composite?
True
Is 23602 a prime number?
False
Is 1291421 composite?
False
Is 13841 a prime number?
True
Is 8263 a prime number?
True
Is 285007 prime?
True
Is 26459 prime?
True
Is 33833 composite?
True
Is 201389 a composite number?
False
Is 22189 a prime number?
True
Is 11599 prime?
False
Is 288299 composite?
True
Is 2785 prime?
False
Is 448717 prime?
False
Is 1270817 composite?
False
Is 1829 composite?
True
Is 50707 a composite number?
False
Is 40351 a composite number?
False
Is 188191 prime?
False
Is 25841 composite?
False
Is 18859 prime?
True
Is 1046557 composite?
False
Is 3791 composite?
True
Is 1069 prime?
True
Is 141539 a prime number?
True
Is 2243 a composite number?
False
Is 146581 a composite number?
False
Is 6469 a composite number?
False
Is 51193 composite?
False
Is 9391 composite?
False
Is 82661 prime?
False
Is 5261 composite?
False
Is 362393 prime?
True
Is 2489 a composite number?
True
Is 88573 composite?
True
Is 1027 composite?
True
Is 90203 a prime number?
True
Is 6197 prime?
True
Is 4721